{"version":"1.0","provider_name":"Sybarius","provider_url":"https:\/\/www.sybarius.net\/nl\/","author_name":"Audrey Despontin","author_url":"https:\/\/www.sybarius.net\/nl\/author\/audreydespontin\/","title":"L'\u00c9tat belge condamn\u00e9 \u00e0 agir face \u00e0 l\u2019arri\u00e9r\u00e9 judiciaire - Sybarius","type":"rich","width":600,"height":338,"html":"<blockquote class=\"wp-embedded-content\" data-secret=\"Qo7sLvQEjH\"><a href=\"https:\/\/www.sybarius.net\/nl\/letat-belge-condamne-a-agir-face-larriere-judiciaire\/\">L&#8217;\u00c9tat belge condamn\u00e9 \u00e0 agir face \u00e0 l\u2019arri\u00e9r\u00e9 judiciaire<\/a><\/blockquote><iframe sandbox=\"allow-scripts\" security=\"restricted\" src=\"https:\/\/www.sybarius.net\/nl\/letat-belge-condamne-a-agir-face-larriere-judiciaire\/embed\/#?secret=Qo7sLvQEjH\" width=\"600\" height=\"338\" title=\"&#8220;L&#8217;\u00c9tat belge condamn\u00e9 \u00e0 agir face \u00e0 l\u2019arri\u00e9r\u00e9 judiciaire&#8221; &#8212; Sybarius\" data-secret=\"Qo7sLvQEjH\" frameborder=\"0\" marginwidth=\"0\" marginheight=\"0\" scrolling=\"no\" class=\"wp-embedded-content\"><\/iframe><script type=\"text\/javascript\">\n\/* <![CDATA[ *\/\n\/*! This file is auto-generated *\/\n!function(d,l){\"use strict\";l.querySelector&&d.addEventListener&&\"undefined\"!=typeof URL&&(d.wp=d.wp||{},d.wp.receiveEmbedMessage||(d.wp.receiveEmbedMessage=function(e){var t=e.data;if((t||t.secret||t.message||t.value)&&!\/[^a-zA-Z0-9]\/.test(t.secret)){for(var s,r,n,a=l.querySelectorAll('iframe[data-secret=\"'+t.secret+'\"]'),o=l.querySelectorAll('blockquote[data-secret=\"'+t.secret+'\"]'),c=new RegExp(\"^https?:$\",\"i\"),i=0;i<o.length;i++)o[i].style.display=\"none\";for(i=0;i<a.length;i++)s=a[i],e.source===s.contentWindow&&(s.removeAttribute(\"style\"),\"height\"===t.message?(1e3<(r=parseInt(t.value,10))?r=1e3:~~r<200&&(r=200),s.height=r):\"link\"===t.message&&(r=new URL(s.getAttribute(\"src\")),n=new URL(t.value),c.test(n.protocol))&&n.host===r.host&&l.activeElement===s&&(d.top.location.href=t.value))}},d.addEventListener(\"message\",d.wp.receiveEmbedMessage,!1),l.addEventListener(\"DOMContentLoaded\",function(){for(var e,t,s=l.querySelectorAll(\"iframe.wp-embedded-content\"),r=0;r<s.length;r++)(t=(e=s[r]).getAttribute(\"data-secret\"))||(t=Math.random().toString(36).substring(2,12),e.src+=\"#?secret=\"+t,e.setAttribute(\"data-secret\",t)),e.contentWindow.postMessage({message:\"ready\",secret:t},\"*\")},!1)))}(window,document);\n\/\/# sourceURL=https:\/\/www.sybarius.net\/wp-includes\/js\/wp-embed.min.js\n\/* ]]> *\/\n<\/script>\n","description":"En septembre dernier, Me Audrey Despontin et Me Audrey Lackner plaidaient contre la dur\u00e9e excessive des proc\u00e9dures devant les juridictions belges, appelant l\u2019\u00c9tat \u00e0 fournir une r\u00e9ponse concr\u00e8te. Le Tribunal de premi\u00e8re instance francophone de Bruxelles leur a donn\u00e9 raison dans son jugement rendu le 15 d\u00e9cembre 2023. Les avocates de la Ligue des familles [&hellip;]"}

L'État belge condamné à agir face à l’arriéré judiciaire - Sybarius

<blockquote class="wp-embedded-content" data-secret="Qo7sLvQEjH"><a href="https://www.sybarius.net/nl/letat-belge-condamne-a-agir-face-larriere-judiciaire/">L&#8217;État belge condamné à agir face à l’arriéré judiciaire</a></blockquote><iframe sandbox="allow-scripts" security="restricted" src="https://www.sybarius.net/nl/letat-belge-condamne-a-agir-face-larriere-judiciaire/embed/#?secret=Qo7sLvQEjH" width="600" height="338" title="&#8220;L&#8217;État belge condamné à agir face à l’arriéré judiciaire&#8221; &#8212; Sybarius" data-secret="Qo7sLvQEjH" frameborder="0" marginwidth="0" marginheight="0" scrolling="no" class="wp-embedded-content"></iframe><script type="text/javascript">
/* <![CDATA[ */
/*! This file is auto-generated */
!function(d,l){"use strict";l.querySelector&&d.addEventListener&&"undefined"!=typeof URL&&(d.wp=d.wp||{},d.wp.receiveEmbedMessage||(d.wp.receiveEmbedMessage=function(e){var t=e.data;if((t||t.secret||t.message||t.value)&&!/[^a-zA-Z0-9]/.test(t.secret)){for(var s,r,n,a=l.querySelectorAll('iframe[data-secret="'+t.secret+'"]'),o=l.querySelectorAll('blockquote[data-secret="'+t.secret+'"]'),c=new RegExp("^https?:$","i"),i=0;i<o.length;i++)o[i].style.display="none";for(i=0;i<a.length;i++)s=a[i],e.source===s.contentWindow&&(s.removeAttribute("style"),"height"===t.message?(1e3<(r=parseInt(t.value,10))?r=1e3:~~r<200&&(r=200),s.height=r):"link"===t.message&&(r=new URL(s.getAttribute("src")),n=new URL(t.value),c.test(n.protocol))&&n.host===r.host&&l.activeElement===s&&(d.top.location.href=t.value))}},d.addEventListener("message",d.wp.receiveEmbedMessage,!1),l.addEventListener("DOMContentLoaded",function(){for(var e,t,s=l.querySelectorAll("iframe.wp-embedded-content"),r=0;r<s.length;r++)(t=(e=s[r]).getAttribute("data-secret"))||(t=Math.random().toString(36).substring(2,12),e.src+="#?secret="+t,e.setAttribute("data-secret",t)),e.contentWindow.postMessage({message:"ready",secret:t},"*")},!1)))}(window,document);
//# sourceURL=https://www.sybarius.net/wp-includes/js/wp-embed.min.js
/* ]]> */
</script>

En septembre dernier, Me Audrey Despontin et Me Audrey Lackner plaidaient contre la durée excessive des procédures devant les juridictions belges, appelant l’État à fournir une réponse concrète. Le Tribunal de première instance francophone de Bruxelles leur a donné raison dans son jugement rendu le 15 décembre 2023. Les avocates de la Ligue des familles [&hellip;]
